{"id":169,"date":"2020-11-02T11:51:09","date_gmt":"2020-11-02T10:51:09","guid":{"rendered":"https:\/\/serwer1310976.home.pl\/wordpress\/?page_id=169"},"modified":"2020-11-05T15:07:34","modified_gmt":"2020-11-05T14:07:34","slug":"dzwonki","status":"publish","type":"page","link":"https:\/\/zs2kolobrzeg.pl\/index.php\/dzwonki\/","title":{"rendered":"Dzwonki"},"content":{"rendered":"\n<p>Rozk\u0142ad dzwonk\u00f3w obowi\u0105zuje do dnia 01 wrze\u015bnia 2016 roku<\/p>\n\n\n\n<figure class=\"wp-block-table\"><table><thead><tr><th>Numer lekcji<\/th><th>Godziny realizacji zaj\u0119\u0107<\/th><\/tr><\/thead><tbody><tr><td>lekcja zerowa<\/td><td>od 7:10 do 7:55<\/td><\/tr><tr><td>lekcja pierwsza<\/td><td>od 8:00 do 8:45<\/td><\/tr><tr><td>lekcja druga<\/td><td>od 8:55 do 9:40<\/td><\/tr><tr><td>lekcja trzecia<\/td><td>od 9:50 do 10:35<\/td><\/tr><tr><td>lekcja czwarta<\/td><td>od 10:55 do 11:40<\/td><\/tr><tr><td>lekcja pi\u0105ta<\/td><td>od 11:50 do 12:35<\/td><\/tr><tr><td>lekcja sz\u00f3sta<\/td><td>od 12:45 do 13:30<\/td><\/tr><tr><td>lekcja si\u00f3dma<\/td><td>od 13:40 do 14:25<\/td><\/tr><tr><td>lekcja \u00f3sma<\/td><td>od 14:35 do 15:20<\/td><\/tr><tr><td>lekcja dziewi\u0105ta<\/td><td>od 15:30 do 16:15<\/td><\/tr><tr><td>lekcja dziesi\u0105ta<\/td><td>od 16:20 do 17:05<\/td><\/tr><\/tbody><\/table><\/figure>\n","protected":false},"excerpt":{"rendered":"<p>Rozk\u0142ad dzwonk\u00f3w obowi\u0105zuje do dnia 01 wrze\u015bnia 2016 roku Numer lekcji Godziny realizacji zaj\u0119\u0107 lekcja zerowa od 7:10 do 7:55 lekcja pierwsza od 8:00 do<\/p>\n","protected":false},"author":1,"featured_media":0,"parent":0,"menu_order":0,"comment_status":"closed","ping_status":"closed","template":"","meta":{"footnotes":""},"class_list":["post-169","page","type-page","status-publish","hentry","two-columns"],"_links":{"self":[{"href":"https:\/\/zs2kolobrzeg.pl\/index.php\/wp-json\/wp\/v2\/pages\/169","targetHints":{"allow":["GET"]}}],"collection":[{"href":"https:\/\/zs2kolobrzeg.pl\/index.php\/wp-json\/wp\/v2\/pages"}],"about":[{"href":"https:\/\/zs2kolobrzeg.pl\/index.php\/wp-json\/wp\/v2\/types\/page"}],"author":[{"embeddable":true,"href":"https:\/\/zs2kolobrzeg.pl\/index.php\/wp-json\/wp\/v2\/users\/1"}],"replies":[{"embeddable":true,"href":"https:\/\/zs2kolobrzeg.pl\/index.php\/wp-json\/wp\/v2\/comments?post=169"}],"version-history":[{"count":4,"href":"https:\/\/zs2kolobrzeg.pl\/index.php\/wp-json\/wp\/v2\/pages\/169\/revisions"}],"predecessor-version":[{"id":559,"href":"https:\/\/zs2kolobrzeg.pl\/index.php\/wp-json\/wp\/v2\/pages\/169\/revisions\/559"}],"wp:attachment":[{"href":"https:\/\/zs2kolobrzeg.pl\/index.php\/wp-json\/wp\/v2\/media?parent=169"}],"curies":[{"name":"wp","href":"https:\/\/api.w.org\/{rel}","templated":true}]}}